ctors of 5022775650.
2, 3, 5, 23, 63299
What are the prime factors of 786581127?
3, 9103, 9601
List the prime factors of 1100658896.
2, 617, 111493
List the prime factors of 188116270.
2, 5, 18811627
What are the prime factors of 129770554?
2, 17, 23, 165947
What are the prime factors of 14503567?
13, 17, 29, 31, 73
List the prime factors of 180809395.
5, 13, 2781683
What are the prime factors of 112880226?
2, 3, 101, 186271
What are the prime factors of 2753145192?
2, 3, 7, 83, 347, 569
What are the prime factors of 72059750?
2, 5, 7, 41177
What are the prime factors of 5418005142?
2, 3, 11, 7462817
What are the prime factors of 88398696?
2, 3, 3683279
What are the prime factors of 145836813?
3, 23, 347, 6091
What are the prime factors of 72970021?
4273, 17077
What are the prime factors of 2975696843?
7, 37, 234473
What are the prime factors of 172295615?
5, 5021, 6863
What are the prime factors of 3817171957?
179, 21324983
List the prime factors of 4524242824.
2, 565530353
What are the prime factors of 1974544606?
2, 43, 1181, 19441
List the prime factors of 295479836.
2, 73869959
What are the prime factors of 421288363?
97, 4343179
What are the prime factors of 140866419?
3, 46955473
List the prime factors of 1240178329.
13, 1151, 82883
List the prime factors of 1303635991.
7, 1153, 161521
What are the prime factors of 187928202?
2, 3, 7, 11, 19, 79, 271
List the prime factors of 56495178.
2, 3, 1046207
What are the prime factors of 32815639?
31, 53, 19973
List the prime factors of 731151334.
2, 17, 21504451
List the prime factors of 53426813.
11, 41, 118463
List the prime factors of 65165051.
7, 1329899
What are the prime factors of 14564851?
7, 863, 2411
List the prime factors of 86067431.
83, 1036957
List the prime factors of 3761716150.
2, 5, 29, 409, 6343
List the prime factors of 139119489.
3, 15457721
What are the prime factors of 11321711?
17, 665983
What are the prime factors of 45081187?
5477, 8231
List the prime factors of 529947784.
2, 23, 137, 21023
What are the prime factors of 847169759?
281, 3014839
What are the prime factors of 688651949?
31, 41, 53, 10223
List the prime factors of 59045247.
3, 29, 73, 1033
What are the prime factors of 271489863?
3, 677, 133673
List the prime factors of 5655481.
13, 435037
What are the prime factors of 1578351768?
2, 3, 7, 1609, 5839
List the prime factors of 774796558.
2, 11351, 34129
What are the prime factors of 5142994830?
2, 3, 5, 19048129
List the prime factors of 62762212.
2, 37, 199, 2131
List the prime factors of 59758803.
3, 13, 18917
List the prime factors of 514228528.
2, 11, 2921753
What are the prime factors of 59432001?
3, 41, 73, 6619
List the prime factors of 134184492.
2, 3, 13, 31, 3083
List the prime factors of 37726520.
2, 5, 13, 72551
What are the prime factors of 501881088?
2, 3, 653491
List the prime factors of 1452904026.
2, 3, 7, 34592953
List the prime factors of 2288358744.
2, 3, 7, 31, 89, 4937
List the prime factors of 981127330.
2, 5, 23, 139, 30689
What are the prime factors of 154238191?
263, 586457
What are the prime factors of 933982414?
2, 17, 109, 151, 1669
List the prime factors of 37638634.
2, 11, 47, 89, 409
What are the prime factors of 953066768?
2, 1381, 43133
List the prime factors of 4320689288.
2, 23, 23482007
List the prime factors of 1604929445.
5, 7, 47, 139, 7019
List the prime factors of 71972993.
53, 271, 5011
What are the prime factors of 424282773?
3, 141427591
What are the prime factors of 34788440?
2, 5, 79, 101, 109
What are the prime factors of 34841450?
2, 5, 7, 14221
List the prime factors of 4973202903.
3, 67, 1831, 13513
What are the prime factors of 51346752?
2, 3, 267431
What are the prime factors of 793521151?
191, 4154561
List the prime factors of 35718622.
2, 113, 158047
What are the prime factors of 188063014?
2, 94031507
What are the prime factors of 86621735?
5, 59, 293633
List the prime factors of 33897966.
2, 3, 17, 113, 173
List the prime factors of 67671907.
167, 405221
What are the prime factors of 49245283?
19, 2591857
What are the prime factors of 330246189?
3, 7, 13, 269, 1499
List the prime factors of 30311061.
3, 11, 19, 29, 1667
What are the prime factors of 2635953595?
5, 11, 2683, 17863
What are the prime factors of 5341578533?
5341578533
What are the prime factors of 7158859836?
2, 3, 1061, 562273
What are the prime factors of 1031739?
3, 343913
What are the prime factors of 795924745?
5, 7, 11, 2067337
What are the prime factors of 57701955?
3, 5, 19, 293, 691
What are the prime factors of 550784367?
3, 7, 971401
List the prime factors of 50837622.
2, 3, 11, 41, 18787
List the prime factors of 8446746.
2, 3, 7, 11, 47, 389
List the prime factors of 42725987.
2687, 15901
What are the prime factors of 2685135542?
2, 1423, 943477
What are the prime factors of 241935376?
2, 223, 67807
What are the prime factors of 256076819?
367, 697757
List the prime factors of 2323061.
13, 178697
What are the prime factors of 562483081?
79, 7120039
List the prime factors of 134036021.
7, 337, 8117
What are the prime factors of 1198665704?
2, 233, 643061
List the prime factors of 8499465.
3, 5, 13, 29, 167
List the prime factors of 1821175254.
2, 3, 101176403
What are the prime factors of 5497142558?
2, 3659, 751181
List the prime factors of 445964106.
2, 3, 7, 47, 225919
List the prime factors of 3244482391.
3244482391
List the prime factors of 115999404.
2, 3, 53, 182389
What are the prime factors of 3248727?
3, 23, 197, 239
List the prime factors of 894469248.
2, 3, 776449
What are the prime factors of 719765873?
17, 89, 475721
List the prime factors of 72658654.
2, 53, 685459
List the prime factors of 2155021294.
2, 23, 191, 245279
What are the prime factors of 829742805?
3, 5, 379, 16217
What are the prime factors of 829626641?
383, 2166127
List the prime factors of 3617412.
2, 3, 251, 1201
What are the prime factors of 9927284?
2, 109, 22769
What are the prime factors of 66396977?
66396977
List the prime factors of 779086501.
2473, 315037
What are the prime factors of 4987897451?
4987897451
What are the prime factors of 61784004?
2, 3, 79, 65173
List the prime factors of 2086145711.
13, 29, 5533543
What are the prime factors of 36073601?
131, 275371
What are the prime factors of 25969259?
25969259
What are the prime factors of 3041476996?
2, 199, 1499, 2549
What are the prime factors of 20443286?
2, 139, 151, 487
List the prime factors of 381892936.
2, 47736617
List the prime factors of 667991191.
7, 29, 89, 36973
List the prime factors of 6098146398.
2, 3, 17, 41, 53, 1019
What are the prime factors of 149332722?
2, 3, 7, 11, 43, 7517
List the prime factors of 74798616.
2, 3, 3116609
List the prime factors of 6417997394.
2, 31, 151, 685537
List the prime factors of 2537958062.
2, 5167, 245593
List the prime factors of 149811058.
2, 463, 161783
What are the prime factors of 25061395?
5, 37, 135467
List the prime factors of 31687553.
3821, 8293
List the prime factors of 61613355.
3, 5, 17, 61, 233
What are the prime factors of 61768075?
5, 947, 2609
List the prime factors of 415763528.
2, 3079, 16879
List the prime factors of 31092407.
31092407
List the prime factors of 276335266.
2, 71, 383, 5081
List the prime factors of 409817185.
5, 1069, 76673
What are the prime factors of 67665531?
3, 43, 61, 8599
List the prime factors of 275262153.
3, 149, 615799
List the prime factors of 52282499.
179, 292081
What are the prime factors of 2864092187?
11, 17, 41, 373561
What are the prime factors of 170492605?
5, 19, 1794659
List the prime factors of 185228408.
2, 23153551
List the prime factors of 3527592885.
3, 5, 78390953
What are the prime factors of 294623037?
3, 4111, 7963
What are the prime factors of 98328124?
2, 97, 253423
List the prime factors of 48747466.
2, 17, 43, 33343
What are the prime factors of 613162764?
2, 3, 31, 373, 491
What are the prime factors of 35559363?
3, 7, 1693303
What are the prime factors of 70528561?
127, 197, 2819
List the prime factors of 813933950.
2, 5, 16278679
What are the prime factors of 851426798?
2, 425713399
What are the prime factors of 2705950815?
3, 5, 8563, 21067
What are the prime factors of 97414142?
2, 7, 449, 15497
What are the prime factors of 4632245449?
13, 356326573
L